{"id":4312,"date":"2021-10-15T09:22:11","date_gmt":"2021-10-15T06:22:11","guid":{"rendered":"https:\/\/heidisekonomi.fi\/palvelut\/"},"modified":"2025-07-11T10:18:53","modified_gmt":"2025-07-11T07:18:53","slug":"tjanster","status":"publish","type":"page","link":"https:\/\/heidisekonomi.fi\/sv\/tjanster\/","title":{"rendered":"Tj\u00e4nster"},"content":{"rendered":"\n<div class=\"wp-block-cover alignfull is-light has-parallax ylakuva\"><div class=\"wp-block-cover__image-background wp-image-4250 has-parallax\" style=\"background-position:50% 50%;background-image:url(https:\/\/heidisekonomi.fi\/wp-content\/uploads\/2023\/08\/palvelut-heidis-ekonomi-ab-scaled.jpg)\"><\/div><span aria-hidden=\"true\" class=\"wp-block-cover__background has-background-dim-10 has-background-dim\"><\/span><div class=\"wp-block-cover__inner-container is-layout-constrained wp-block-cover-is-layout-constrained\">\n<h1 class=\"wp-block-heading has-text-align-center\" style=\"font-size:55px\">Tj\u00e4nster<\/h1>\n<\/div><\/div>\n\n\n\n<div class=\"wp-block-group alignfull has-pink-background-color has-background\"><div class=\"wp-block-group__inner-container is-layout-constrained wp-block-group-is-layout-constrained\">\n<div class=\"wp-block-columns is-layout-flex wp-container-core-columns-is-layout-9d6595d7 wp-block-columns-is-layout-flex\">\n<div class=\"wp-block-column is-vertically-aligned-center is-layout-flow wp-block-column-is-layout-flow\">\n<ul class=\"wp-block-list\">\n<li>Bokf\u00f6ring<\/li>\n\n\n\n<li>L\u00f6ner<\/li>\n\n\n\n<li>Bokslut<\/li>\n\n\n\n<li>Skattedeklarationer<\/li>\n\n\n\n<li>Ekonomiskt bist\u00e5nd till privatpersoner<\/li>\n\n\n\n<li>Konsultverksamhet<\/li>\n\n\n\n<li>Lantbruks- och skogsbokf\u00f6ring<\/li>\n<\/ul>\n\n\n\n<p><\/p>\n\n\n\n<p>Under sommaren och h\u00f6sten 2025 lanserar vi en ny tj\u00e4nst som kombienrar f\u00f6retagsr\u00e5dgivning och personlig ekonomicoaching, med m\u00e5let att bryta negativa ekonomiska m\u00f6nster och skapa m\u00f6jligheter till ekonomisk frihet &#8211; h\u00e5ll \u00f6gon och \u00f6ron \u00f6ppna om en f\u00f6rtidspension l\u00e5ter som n\u00e5got f\u00f6r dig!<\/p>\n\n\n\n<p><\/p>\n\n\n\n<p><\/p>\n\n\n\n<p><\/p>\n\n\n\n<p><\/p>\n<\/div>\n\n\n\n<div class=\"wp-block-column is-layout-flow wp-block-column-is-layout-flow\">\n<figure class=\"wp-block-image size-large is-style-rounded\"><img loading=\"lazy\" decoding=\"async\" width=\"1024\" height=\"686\" src=\"https:\/\/heidisekonomi.fi\/wp-content\/uploads\/2023\/08\/etusivu-2-heidis-ekonomi-ab-1024x686.jpg\" alt=\"\" class=\"wp-image-4244\" srcset=\"https:\/\/heidisekonomi.fi\/wp-content\/uploads\/2023\/08\/etusivu-2-heidis-ekonomi-ab-1024x686.jpg 1024w, https:\/\/heidisekonomi.fi\/wp-content\/uploads\/2023\/08\/etusivu-2-heidis-ekonomi-ab-300x201.jpg 300w, https:\/\/heidisekonomi.fi\/wp-content\/uploads\/2023\/08\/etusivu-2-heidis-ekonomi-ab-768x514.jpg 768w, https:\/\/heidisekonomi.fi\/wp-content\/uploads\/2023\/08\/etusivu-2-heidis-ekonomi-ab-1536x1029.jpg 1536w, https:\/\/heidisekonomi.fi\/wp-content\/uploads\/2023\/08\/etusivu-2-heidis-ekonomi-ab-2048x1371.jpg 2048w\" sizes=\"auto, (max-width: 1024px) 100vw, 1024px\" \/><\/figure>\n<\/div>\n<\/div>\n<\/div><\/div>\n\n\n\n<div class=\"wp-block-cover alignfull is-light has-parallax is-style-default\"><div class=\"wp-block-cover__image-background wp-image-4246 has-parallax\" style=\"background-position:50% 50%;background-image:url(https:\/\/heidisekonomi.fi\/wp-content\/uploads\/2023\/08\/etusivu-3-heidis-ekonomi-scaled.jpg)\"><\/div><span aria-hidden=\"true\" class=\"wp-block-cover__background has-background-dim-10 has-background-dim\"><\/span><div class=\"wp-block-cover__inner-container is-layout-flow wp-block-cover-is-layout-flow\">\n<p class=\"has-text-align-center\" style=\"font-size:36px\">Kontakta oss s\u00e5 f\u00e5r vi tillsammans ordning ditt f\u00f6retagsekonomi!<\/p>\n\n\n\n<p class=\"has-text-align-center\" style=\"font-size:28px\">Ring eller skicka en kontaktf\u00f6rfr\u00e5gan via e-post.<\/p>\n\n\n\n<div class=\"wp-block-buttons mb-0 mt-3 is-content-justification-center is-layout-flex wp-container-core-buttons-is-layout-28206b41 wp-block-buttons-is-layout-flex\">\n<div class=\"wp-block-button is-style-fill\"><a class=\"wp-block-button__link wp-element-button\" href=\"tel:0407755574\">Ring: 040 775 5574<\/a><\/div>\n\n\n\n<div class=\"wp-block-button is-style-fill\"><a class=\"wp-block-button__link wp-element-button\" href=\"mailto:info@heidisekonomi.fi\">info@heidisekonomi.fi<\/a><\/div>\n<\/div>\n<\/div><\/div>\n","protected":false},"excerpt":{"rendered":"<p>Under sommaren och h\u00f6sten 2025 lanserar vi en ny tj\u00e4nst som kombienrar f\u00f6retagsr\u00e5dgivning och personlig ekonomicoaching, med m\u00e5let att bryta negativa ekonomiska m\u00f6nster och skapa m\u00f6jligheter till ekonomisk frihet &#8211; h\u00e5ll \u00f6gon och \u00f6ron \u00f6ppna om en f\u00f6rtidspension l\u00e5ter som n\u00e5got f\u00f6r dig!<\/p>\n","protected":false},"author":1,"featured_media":0,"parent":0,"menu_order":2,"comment_status":"closed","ping_status":"closed","template":"","meta":{"_acf_changed":false,"footnotes":""},"class_list":["post-4312","page","type-page","status-publish","hentry"],"acf":[],"aioseo_notices":[],"_links":{"self":[{"href":"https:\/\/heidisekonomi.fi\/sv\/wp-json\/wp\/v2\/pages\/4312","targetHints":{"allow":["GET"]}}],"collection":[{"href":"https:\/\/heidisekonomi.fi\/sv\/wp-json\/wp\/v2\/pages"}],"about":[{"href":"https:\/\/heidisekonomi.fi\/sv\/wp-json\/wp\/v2\/types\/page"}],"author":[{"embeddable":true,"href":"https:\/\/heidisekonomi.fi\/sv\/wp-json\/wp\/v2\/users\/1"}],"replies":[{"embeddable":true,"href":"https:\/\/heidisekonomi.fi\/sv\/wp-json\/wp\/v2\/comments?post=4312"}],"version-history":[{"count":8,"href":"https:\/\/heidisekonomi.fi\/sv\/wp-json\/wp\/v2\/pages\/4312\/revisions"}],"predecessor-version":[{"id":4388,"href":"https:\/\/heidisekonomi.fi\/sv\/wp-json\/wp\/v2\/pages\/4312\/revisions\/4388"}],"wp:attachment":[{"href":"https:\/\/heidisekonomi.fi\/sv\/wp-json\/wp\/v2\/media?parent=4312"}],"curies":[{"name":"wp","href":"https:\/\/api.w.org\/{rel}","templated":true}]}}

Tjänster

<div class="wp-block-cover alignfull is-light has-parallax ylakuva"><div class="wp-block-cover__image-background wp-image-4250 has-parallax" style="background-position:50% 50%;background-image:url(https://heidisekonomi.fi/wp-content/uploads/2023/08/palvelut-heidis-ekonomi-ab-scaled.jpg)"></div><span aria-hidden="true" class="wp-block-cover__background has-background-dim-10 has-background-dim"></span><div class="wp-block-cover__inner-container is-layout-constrained wp-block-cover-is-layout-constrained">
<h1 class="wp-block-heading has-text-align-center" style="font-size:55px">Tjänster</h1>
</div></div>



<div class="wp-block-group alignfull has-pink-background-color has-background"><div class="wp-block-group__inner-container is-layout-constrained wp-block-group-is-layout-constrained">
<div class="wp-block-columns is-layout-flex wp-container-core-columns-is-layout-9d6595d7 wp-block-columns-is-layout-flex">
<div class="wp-block-column is-vertically-aligned-center is-layout-flow wp-block-column-is-layout-flow">
<ul class="wp-block-list">
<li>Bokföring</li>



<li>Löner</li>



<li>Bokslut</li>



<li>Skattedeklarationer</li>



<li>Ekonomiskt bistånd till privatpersoner</li>



<li>Konsultverksamhet</li>



<li>Lantbruks- och skogsbokföring</li>
</ul>



<p></p>



<p>Under sommaren och hösten 2025 lanserar vi en ny tjänst som kombienrar företagsrådgivning och personlig ekonomicoaching, med målet att bryta negativa ekonomiska mönster och skapa möjligheter till ekonomisk frihet &#8211; håll ögon och öron öppna om en förtidspension låter som något för dig!</p>



<p></p>



<p></p>



<p></p>



<p></p>
</div>



<div class="wp-block-column is-layout-flow wp-block-column-is-layout-flow">
<figure class="wp-block-image size-large is-style-rounded"><img loading="lazy" decoding="async" width="1024" height="686" src="https://heidisekonomi.fi/wp-content/uploads/2023/08/etusivu-2-heidis-ekonomi-ab-1024x686.jpg" alt="" class="wp-image-4244" srcset="https://heidisekonomi.fi/wp-content/uploads/2023/08/etusivu-2-heidis-ekonomi-ab-1024x686.jpg 1024w, https://heidisekonomi.fi/wp-content/uploads/2023/08/etusivu-2-heidis-ekonomi-ab-300x201.jpg 300w, https://heidisekonomi.fi/wp-content/uploads/2023/08/etusivu-2-heidis-ekonomi-ab-768x514.jpg 768w, https://heidisekonomi.fi/wp-content/uploads/2023/08/etusivu-2-heidis-ekonomi-ab-1536x1029.jpg 1536w, https://heidisekonomi.fi/wp-content/uploads/2023/08/etusivu-2-heidis-ekonomi-ab-2048x1371.jpg 2048w" sizes="auto, (max-width: 1024px) 100vw, 1024px" /></figure>
</div>
</div>
</div></div>



<div class="wp-block-cover alignfull is-light has-parallax is-style-default"><div class="wp-block-cover__image-background wp-image-4246 has-parallax" style="background-position:50% 50%;background-image:url(https://heidisekonomi.fi/wp-content/uploads/2023/08/etusivu-3-heidis-ekonomi-scaled.jpg)"></div><span aria-hidden="true" class="wp-block-cover__background has-background-dim-10 has-background-dim"></span><div class="wp-block-cover__inner-container is-layout-flow wp-block-cover-is-layout-flow">
<p class="has-text-align-center" style="font-size:36px">Kontakta oss så får vi tillsammans ordning ditt företagsekonomi!</p>



<p class="has-text-align-center" style="font-size:28px">Ring eller skicka en kontaktförfrågan via e-post.</p>



<div class="wp-block-buttons mb-0 mt-3 is-content-justification-center is-layout-flex wp-container-core-buttons-is-layout-28206b41 wp-block-buttons-is-layout-flex">
<div class="wp-block-button is-style-fill"><a class="wp-block-button__link wp-element-button" href="tel:0407755574">Ring: 040 775 5574</a></div>



<div class="wp-block-button is-style-fill"><a class="wp-block-button__link wp-element-button" href="mailto:info@heidisekonomi.fi">info@heidisekonomi.fi</a></div>
</div>
</div></div>

<p>Under sommaren och hösten 2025 lanserar vi en ny tjänst som kombienrar företagsrådgivning och personlig ekonomicoaching, med målet att bryta negativa ekonomiska mönster och skapa möjligheter till ekonomisk frihet &#8211; håll ögon och öron öppna om en förtidspension låter som något för dig!</p>
